ppose 21*m - d*m - 750 = 0. What is the units digit of m?
5
Let l(m) = -131*m + 15. Let n be l(2). Let d = n - -249. What is the units digit of d?
2
Let o(m) = -948*m - 2547. What is the units digit of o(-6)?
1
Let s(b) = 2787*b - 636*b - 28 + 0 - 42 + 21. What is the tens digit of s(1)?
0
Let j = 703 - -5035. What is the units digit of j?
8
Let v = -264 + 286. Suppose -v*n = -19*n - 933. What is the tens digit of n?
1
Let x be (-2 + -2738)/2*(-14)/(-35). Let s = 798 + x. What is the hundreds digit of s?
2
Let p(s) = -37*s**2 + 3*s + 4. Let f(y) = 111*y**2 - 9*y - 12. Let h(z) = -6*f(z) - 17*p(z). Let w be h(-2). Let u = 226 + w. What is the tens digit of u?
7
Let i(k) = -k**2 + 67*k - 771. Let g be i(28). Let a(p) = 6*p**3 + p - 3. Let z be a(-3). Let b = z + g. What is the tens digit of b?
5
Let j = -12 + -1. Let a(o) = o**3 + 12*o**2 - 14*o - 11. What is the units digit of a(j)?
2
Let d = 1024 + -1019. Suppose -f - 1 + 5 = 0. Suppose -d*o = 10, 2*o + 154 = f*s + 3*o. What is the units digit of s?
9
Let d(u) = 17*u - 70. Let f(x) = 34*x - 137. Let z(p) = -11*d(p) + 6*f(p). What is the tens digit of z(33)?
0
Let s = 8685 - -2645. What is the hundreds digit of s?
3
Let n(m) = -3*m - 7. Let y be n(2). Let x = y - -183. What is the hundreds digit of x?
1
Suppose -52456 = -158*y + 934577 + 272069. What is the hundreds digit of y?
9
Let q(t) = 94*t**2 + 114*t + 67. What is the hundreds digit of q(9)?
7
Suppose 3*k + k - 1327 = -3*l, 4*k - 4*l = 1292. Let a = k - 240. What is the units digit of a?
8
Let o(a) be the first derivative of 5*a**3/3 + 5*a**2/2 - 29*a - 20. What is the hundreds digit of o(-7)?
1
Let o = -13 - -18. Suppose 4*u = 5*h - h + 4, -41 = -o*u - 4*h. Suppose -209 = -3*t + u*x + 174, 4*x - 270 = -2*t. What is the units digit of t?
1
Suppose 0 = -4*a - u + 20941 + 4602, -3*u = -3*a + 19176. What is the hundreds digit of a?
3
Let l(i) = 18*i**2 - 6*i + 33. Let h = -122 - -128. What is the tens digit of l(h)?
4
What is the hundreds digit of ((-72)/(-75))/(-2)*-3420 - (-44)/110?
6
Suppose -9*s + 175 = -725. Suppose -5*i - 5*f = -130, -s = -2*i - 3*i + f. Suppose -3*w - 2*k + 487 = i, 2*k - 10 = 0. What is the hundreds digit of w?
1
Let p be (-12)/(-21) - 55072/(-56). Let l = p + -715. What is the tens digit of l?
6
Suppose -27*s + 18 = -279. Let x(l) = 5*l - 1. Let f be x(-1). What is the units digit of 4/f*s/(-22)*279?
3
Let w = -4281 + 8303. What is the hundreds digit of w?
0
Suppose -51*u = -4000 + 277. What is the units digit of u?
3
Let i(y) = y**3 + 34*y**2 + 52*y + 64. Let d be i(-34). Let z = d - -2452. What is the units digit of z?
8
Let q(l) = 27*l - 118. Let p(h) = -4*h. Let y(v) = -5*p(v) - q(v). What is the units digit of y(-23)?
9
Suppose -v + 3*t = 0, 0 = -2*v - 0*t - 3*t. Suppose 0 = -3*a - y + 1401, v*y = -4*a + 2*y + 1878. What is the hundreds digit of (10/(-3))/(-5)*a/2?
1
Let o(u) = 2*u**2 + 1381 + 23*u + u**2 - 1398. What is the hundreds digit of o(6)?
2
Suppose 4*k = -4*v - 16, -2*v + 1 = -3*k - 11. Suppose -2*l - 3*g + 290 = v, 2*l - 4*g + 2*g = 310. What is the hundreds digit of l?
1
Let f = 6755 - 3143. What is the thousands digit of f?
3
Let l(q) = -7*q - 94. Let g(y) = -y**2 + 35*y - 91. Let v be g(33). What is the units digit of l(v)?
1
Let l(m) = -74*m - 1560. What is the hundreds digit of l(-52)?
2
Let g(x) = 7*x**2 - 2*x - 167. Let u be g(-12). Let k = 1553 - u. What is the units digit of k?
8
Suppose -3*s + 714 = 3*v, 0 = -7*s + 5*s + 4*v + 482. Suppose s = 24*u - 169. What is the tens digit of u?
1
Suppose 0 = 3*v - n - 25571, -2*v - 2*n = -3*n - 17046. What is the thousands digit of v?
8
Suppose 5*q - 6762 = -3*q + 7*q. What is the units digit of q?
2
Let q(c) = 73*c + 149. What is the units digit of q(24)?
1
Let j = -233 - -245. Let o(h) = 47*h + 46. What is the units digit of o(j)?
0
Let c(h) = -5*h**2 - 16*h + 67. Let i(w) = -7*w**2 - 15*w + 67. Let u(f) = -3*c(f) + 2*i(f). What is the units digit of u(10)?
3
Suppose 78 = s - 3*n, -134 = -5*s + 5*n + 306. What is the hundreds digit of s*(64/3 - 6)?
4
Let f(j) = j**2 - 19*j**3 + 5 - 3 - 14*j + 0*j**2 - 14 + j**2. What is the thousands digit of f(-4)?
1
Let t(s) = -11*s + 52. Let u be t(4). What is the units digit of u/(-12) + (-85032)/(-54)?
4
Let v = -22 - 31. Let m = -135 - v. Let s = m - -136. What is the units digit of s?
4
Suppose 0 = -5*o - 6*w + 139383, -w + 94887 + 44456 = 5*o. What is the ten thousands digit of o?
2
Let n = 78 - 82. Let t be n/(-22) + 249/33*7. Suppose -t + 179 = s. What is the hundreds digit of s?
1
Let b be ((-9)/(-18))/(2/(-4)) - -3. Suppose -b*r = -r - 71. Suppose 5*d + r = 366. What is the units digit of d?
9
Let n = 66873 + -43815. Suppose 22*j - 40*j = -n. What is the thousands digit of j?
1
What is the units digit of 5/20*20 - (26 - 7911)?
0
Suppose -1 + 4 = 3*d. Let c be -538*d/(2/(-3)*3). Let t = -35 + c. What is the units digit of t?
4
Let u = 1 + -1. Let n(x) be the second derivative of -x**4/12 - x**3/3 + 9*x**2 + 25*x + 1. What is the tens digit of n(u)?
1
Let f = 30 + 25. What is the tens digit of (f/(-25))/((-4)/100)?
5
Suppose 14*i = 5*u + 11*i - 23160, 3*u + 2*i - 13896 = 0. What is the tens digit of u?
3
Let t(s) = 2*s**2 - 24*s + 74. Let v = -28 + 40. What is the units digit of t(v)?
4
Suppose -231621 - 645921 = -33*l - 36*l. What is the ten thousands digit of l?
1
Let x be (-708)/24 + (-2)/4. Let j = -22 - x. What is the units digit of (-12)/j + 194/4?
7
Suppose 173827 = 5*i - 33*s + 49*s, 2*i - 69535 = -5*s. What is the ten thousands digit of i?
3
Let k be 108/11 + ((-14)/(-77) - 0). What is the units digit of 210*2/k*(-10)/(-3)?
0
Suppose -5*i = 199 - 319. What is the tens digit of (i/(-10))/(27/(-5400))?
8
Let p be (5 + (-5)/2)/((-5)/(-10)). Suppose 31 - 19 = 3*u, -p*u - 3376 = -4*q. What is the hundreds digit of q?
8
Suppose 3*k - u - 67575 = 0, -28625 = -k - 3*u - 6110. What is the units digit of k?
4
Let x = 823 - 814. Let a(r) = 162*r + 10. What is the thousands digit of a(x)?
1
Let p(b) = 12*b**2 + 5*b - 22. Let r be p(12). Suppose -5*m = 0, -i - 2*m + r + 1615 = 0. What is the hundreds digit of 2/(-9) - i/(-27)?
1
Suppose 277737 = 103*q - 366131 - 295904. What is the hundreds digit of q?
1
Let z be 5/((-35)/(-749)) - (-1 + 7). Suppose -2*d + 2*k = -412, z*d - 97*d = k + 821. What is the units digit of d?
5
Let c(d) = -81 + 31*d - d**2 + 25*d + 11. What is the units digit of c(37)?
3
Suppose -5*m = -d - 213, 5*d = -5*m + m + 153. What is the units digit of 396 + 7/(m/18)?
9
Let y = -1 + -19. Let p = -15 - y. Suppose p*i - 14 = 11. What is the units digit of i?
5
Let d(u) = 3*u**2 - u + 2. Let f be d(0). Suppose f*n - 5*v = 69, -v - 4*v + 15 = 0. What is the tens digit of n?
4
Suppose 1997502 = 64*a + 1307508 - 2215094. What is the tens digit of a?
9
What is the hundreds digit of 1 - 2505902/(-34)*(3 - 2)?
7
Let w be -16*(-8)/(16/(-19)). Let i = 25 - w. What is the tens digit of i?
7
What is the tens digit of (-29 - (-6 + 19))/((-4)/2486)?
0
Let o = 33 + -33. Let h be 3/12 + (o - 37125/(-12)). Suppose 22*y = 5*y + h. What is the hundreds digit of y?
1
Suppose -1 = 3*q - 3*z - 7, -q + 14 = 5*z. Suppose 2*u - o - 3291 = 0, q*u - 5*o = -2*o + 6579. What is the thousands digit of u?
1
Suppose 30*j - 21*j - 32*j + 167440 = 0. What is the units digit of j?
0
Let z be -3*(0 + (-476)/6). Let g be ((105/(-25))/21)/((-1)/15). Suppose 4*n - z = g*n. What is the units digit of n?
8
Let x be (6/4)/((-2)/(-4)). What is the hundreds digit of (1766 + -5)/x + -3?
5
Let b(c) = -c**3 - 28*c**2 - 51*c - 92. What is the hundreds digit of b(-30)?
2
Let h(x) = -246*x - 54. Let a be h(-7). What is the tens digit of 10/(-5 + a/332)?
1
Suppose 1743 + 1326 = 3*c. Let g = c - -801. Suppose 25*s - g = 17*s. What is the units digit of s?
8
Let l be (-23)/((-11280)/2255 + 5). Suppose 0 = 15*b - 4*b - l. What is the units digit of b?
3
Let a(g) = 54*g**2 + 604*g + 36. What is the hundreds digit of a(22)?
4
Let d = 1499 - 807. Suppose 3002 = 14*t + d. What is the tens digit of t?
6
Suppose -4*i + 4*d - 2450 = 6*d, -1 = d. Let t = -340 - i. What is the tens digit of t?
7
Let a(w) = 2*w**3 - 9*w**2 - 6*w + 12. Let l be a(5). Suppose 9 = l*i + 9. What is the hundreds digit of 107 - (i/(-6 - -4) - 4)?
1
Let s = -142 + 664. Let o